est common divisor of 240 and 78378672?
48
Calculate the highest common factor of 241452 and 43776.
684
Calculate the highest common factor of 826441 and 15785.
77
What is the highest common divisor of 721365 and 120?
15
Calculate the greatest common factor of 1075862389 and 14.
7
What is the greatest common divisor of 85 and 2475180?
5
What is the greatest common divisor of 369800 and 250?
50
Calculate the greatest common divisor of 1555 and 28652430.
1555
Calculate the highest common factor of 788983 and 108230.
137
Calculate the highest common factor of 29069881 and 442.
17
What is the highest common factor of 647842 and 1313?
13
What is the greatest common divisor of 380 and 501965180?
380
What is the greatest common divisor of 26918784 and 12?
12
Calculate the highest common factor of 105875364 and 239022.
11382
Calculate the highest common factor of 68 and 55294098.
34
What is the highest common factor of 2396 and 84280498?
1198
Calculate the highest common divisor of 12492 and 341676.
36
What is the greatest common divisor of 1832 and 10495070?
458
Calculate the highest common factor of 126711 and 46332.
351
What is the greatest common factor of 15973545 and 30545?
745
What is the greatest common divisor of 182 and 8530046?
14
What is the greatest common divisor of 1089 and 364881?
33
Calculate the highest common factor of 1788 and 282444.
12
Calculate the greatest common divisor of 3 and 765053.
1
Calculate the greatest common divisor of 2869 and 11978208.
19
Calculate the greatest common divisor of 108 and 54967869.
27
Calculate the greatest common factor of 26590380 and 1102858.
6766
Calculate the greatest common divisor of 9 and 469322829.
9
What is the greatest common divisor of 21449134 and 70?
14
Calculate the greatest common divisor of 7389354 and 210.
42
Calculate the highest common divisor of 6653556 and 3384.
36
What is the highest common factor of 165 and 162577740?
15
What is the greatest common factor of 53927370 and 198450?
5670
What is the highest common factor of 2112 and 3079656?
24
Calculate the greatest common factor of 2616 and 782890320.
2616
What is the highest common factor of 57696926 and 43424?
2714
Calculate the greatest common divisor of 5709 and 3853289550.
5709
Calculate the highest common factor of 440 and 535836.
4
Calculate the highest common divisor of 108 and 17876160.
108
What is the greatest common factor of 11647 and 3952?
19
Calculate the greatest common factor of 76193850 and 12900.
6450
Calculate the greatest common factor of 1843 and 919543.
19
What is the greatest common factor of 2039094 and 446685?
921
Calculate the greatest common factor of 4554 and 8257414.
506
Calculate the greatest common factor of 2991420 and 260.
20
Calculate the highest common divisor of 41139 and 32886.
63
What is the greatest common factor of 1323 and 72157743?
1323
Calculate the greatest common divisor of 255023037 and 5193.
5193
Calculate the highest common divisor of 6168408 and 636.
12
What is the highest common factor of 65371956 and 78?
78
What is the greatest common factor of 409370 and 815685?
3055
What is the highest common divisor of 3020 and 1205212540?
3020
Calculate the greatest common factor of 105525 and 1530950.
1675
Calculate the greatest common divisor of 204631 and 7187040.
4991
What is the greatest common divisor of 573 and 50760924?
573
What is the highest common divisor of 1967757 and 264?
33
Calculate the highest common divisor of 14755678 and 112.
14
Calculate the highest common factor of 1950 and 9330450.
150
Calculate the greatest common divisor of 311777 and 75477.
139
Calculate the greatest common factor of 954547 and 143.
11
What is the greatest common divisor of 4324079 and 222?
37
What is the highest common factor of 145 and 231599191?
29
What is the highest common factor of 27 and 29266011?
9
Calculate the greatest common factor of 52260 and 564810.
2010
What is the greatest common divisor of 224697 and 41019?
363
Calculate the greatest common divisor of 37468 and 83595052.
1972
What is the greatest common factor of 3 and 13375423?
1
What is the greatest common divisor of 68 and 1966117558?
34
Calculate the highest common factor of 72306 and 65448.
54
Calculate the greatest common divisor of 23576 and 213608.
8
Calculate the highest common divisor of 2795180240 and 40.
40
Calculate the highest common divisor of 901920 and 868320.
480
Calculate the greatest common factor of 6996 and 39243204.
132
Calculate the highest common factor of 546183489 and 3129.
447
What is the greatest common factor of 8427858 and 42?
6
What is the highest common divisor of 3033 and 33606?
9
What is the greatest common divisor of 144 and 1385718372?
36
What is the greatest common factor of 3121425 and 55?
5
What is the highest common divisor of 8545 and 123572663?
1709
What is the greatest common factor of 5 and 314854235?
5
Calculate the greatest common divisor of 40160070 and 446.
446
What is the greatest common divisor of 9001062 and 234?
18
What is the highest common factor of 10952771 and 34975?
1399
Calculate the highest common divisor of 1356030 and 20.
10
Calculate the highest common factor of 2727 and 1380569.
101
What is the greatest common factor of 348 and 42552912?
12
What is the greatest common divisor of 2391340 and 6727?
217
What is the highest common divisor of 230769 and 41202?
189
What is the highest common factor of 4875432 and 744?
744
Calculate the highest common factor of 63212 and 778.
2
Calculate the highest common factor of 32120968 and 4686.
1562
Calculate the greatest common divisor of 1988530 and 36540.
290
What is the highest common divisor of 332 and 21790322?
166
What is the highest common factor of 732974 and 110?
22
What is the highest common divisor of 15 and 3886565?
5
What is the highest common divisor of 328 and 14820024?
328
Calculate the greatest common factor of 195249 and 444.
111
Calculate the greatest common factor of 6024 and 529470444.
3012
Calculate the highest common divisor of 11922043 and 521.
521
What is the highest common factor of 3294801 and 4059?
369
Calculate the highest common divisor of 10811 and 25190199.
569
Calculate the highest common divisor of 705498918 and 2622.
2622
Calculate the greatest common divisor of 105 and 1777170.
15
Calculate the greatest common divisor of 354 and 109411134.
354
Calculate the greatest common factor of 151858 and 4858.
14
What is the greatest common factor of 20707908 and 4056?
2028
What is the greatest common divisor of 1473 and 165649161?
1473
What is the highest common divisor of 1743 and 2892099?
21
What is the highest common factor of 115921 and 162434?
241
Calculate the greatest common divisor of 92644700 and 150.
50
Calculate the greatest common factor of 393860 and 5840.
20
Calculate the highest common divisor of 275 and 1733870.
5
Calculate the greatest common factor of 731 and 216682.
17
Calculate the greatest common factor of 1205008 and 43672.
424
What is the highest common divisor of 773605 and 1785?
35
What is the greatest common factor of 58500 and 26455?
65
What is the highest common divisor of 165 and 555423?
33
What is the highest common factor of 353682 and 52332?
294
What is the highest common factor of 154 and 324355570?
154
Calculate the highest common factor of 243642 and 9438227.
5801
Calculate the highest common factor of 2338224 and 80.
16
Calculate the highest common divisor of 5824 and 987072.
64
What is the greatest common divisor of 25510224 and 23280?
4656
What is the greatest common factor of 117 and 8973?
9
What is the highest common divisor of 12 and 102120468?
12
Calculate the greatest common factor of 44022 and 9163246.
1334
Calculate the greatest common factor of 1817 and 18933851.
79
What is the highest common divisor of 2987 and 3359963?
103
Calculate the highest common factor of 9583 and 559477.
37
Calculate the highest common factor of 368 and 78293242.
46
What is the greatest common divisor of 11578102 and 13215?
881
Calculate the greatest common divisor of 2858242 and 1898.
146
What is the greatest common divisor of 791 and 102347?
7
What is the greatest common divisor of 256594 and 747630?
1846
Calculate the greatest common factor of 2255858 and 66.
22
Calculate the highe